the prime factors of 1306410011?
71, 127, 144883
List the prime factors of 465343488.
2, 3, 16831
List the prime factors of 47928237.
3, 7, 59, 101, 383
List the prime factors of 926884765.
5, 71, 2610943
List the prime factors of 106803062.
2, 389, 137279
List the prime factors of 2914064072.
2, 29, 12560621
What are the prime factors of 4058588715?
3, 5, 29, 9330089
List the prime factors of 1885516582.
2, 839, 1123669
What are the prime factors of 62791181?
19, 937, 3527
What are the prime factors of 3170520128?
2, 17, 2914081
What are the prime factors of 29730944?
2, 359, 647
List the prime factors of 3572367873.
3, 1190789291
What are the prime factors of 2183414584?
2, 13, 17, 181, 6823
What are the prime factors of 26604986?
2, 83, 293, 547
What are the prime factors of 235390756?
2, 131, 211, 2129
What are the prime factors of 22103973?
3, 19, 129263
List the prime factors of 1635055049.
37, 3767, 11731
List the prime factors of 161354356.
2, 40338589
What are the prime factors of 455812564?
2, 503, 226547
What are the prime factors of 587404092?
2, 3, 11, 4450031
What are the prime factors of 566847700?
2, 5, 5668477
What are the prime factors of 8835819?
3, 131, 22483
What are the prime factors of 82777666?
2, 43, 97, 9923
List the prime factors of 19378418.
2, 163, 59443
List the prime factors of 525576492.
2, 3, 7, 695207
List the prime factors of 5200379352.
2, 3, 7, 10318213
List the prime factors of 2790793999.
7, 197, 10273
What are the prime factors of 2310551145?
3, 5, 7, 19, 131, 421
What are the prime factors of 40347151?
13, 31, 53, 1889
What are the prime factors of 2138486436?
2, 3, 67, 167, 5309
List the prime factors of 3853423062.
2, 3, 1609, 133051
What are the prime factors of 640917607?
11, 58265237
List the prime factors of 193135836.
2, 3, 19, 101, 8387
What are the prime factors of 744426883?
67, 89, 127, 983
What are the prime factors of 7430166814?
2, 7, 607, 874343
What are the prime factors of 14178074?
2, 23, 308219
List the prime factors of 198582504.
2, 3, 8274271
What are the prime factors of 319617742?
2, 3541, 45131
What are the prime factors of 180908577?
3, 17, 37, 31957
What are the prime factors of 1243610339?
1667, 746017
List the prime factors of 5154131.
101, 51031
What are the prime factors of 529553982?
2, 3, 47, 547, 3433
What are the prime factors of 129008477?
13, 83, 119563
What are the prime factors of 7467200065?
5, 13, 114880001
List the prime factors of 32287412.
2, 521, 15493
What are the prime factors of 746599934?
2, 7187, 51941
What are the prime factors of 20783866?
2, 10391933
What are the prime factors of 238081514?
2, 11, 19, 569573
What are the prime factors of 15194628?
2, 3, 23, 2039
List the prime factors of 60683144.
2, 7585393
What are the prime factors of 392878789?
17, 19, 101, 12043
What are the prime factors of 3073659091?
257, 2381, 5023
What are the prime factors of 1054049312?
2, 29, 683, 1663
What are the prime factors of 266273441?
7, 38039063
What are the prime factors of 851309764?
2, 23, 37, 250091
What are the prime factors of 119643677?
23, 2207, 2357
What are the prime factors of 2570025539?
2570025539
List the prime factors of 456553957.
31, 14727547
List the prime factors of 862296949.
293, 311, 9463
List the prime factors of 119853008.
2, 11, 47, 14489
What are the prime factors of 15463519?
41, 9199
List the prime factors of 787912599.
3, 262637533
List the prime factors of 32531176.
2, 1789, 2273
List the prime factors of 79786679.
7, 11398097
List the prime factors of 4787958196.
2, 7, 449, 380843
What are the prime factors of 100748137?
7, 17, 251, 3373
What are the prime factors of 133774172?
2, 7, 337, 14177
What are the prime factors of 356446659?
3, 118815553
What are the prime factors of 3810636610?
2, 5, 11, 34642151
List the prime factors of 110452219.
110452219
What are the prime factors of 167052548?
2, 13, 251, 12799
List the prime factors of 196516810.
2, 5, 7, 19, 139, 1063
What are the prime factors of 711106070?
2, 5, 71110607
What are the prime factors of 3988242348?
2, 3, 19, 101, 173191
List the prime factors of 116451725.
5, 13, 358313
What are the prime factors of 70460296?
2, 1483, 5939
What are the prime factors of 1472473720?
2, 5, 269, 281, 487
What are the prime factors of 109312556?
2, 751, 36389
List the prime factors of 18065232.
2, 3, 125453
What are the prime factors of 64344857?
67, 673, 1427
What are the prime factors of 37748619?
3, 17, 82241
List the prime factors of 98858037.
3, 181, 182059
What are the prime factors of 1015462036?
2, 1451, 174959
What are the prime factors of 152478115?
5, 773, 39451
List the prime factors of 4552642473.
3, 1517547491
What are the prime factors of 137705918?
2, 7, 227, 43331
List the prime factors of 97206597.
3, 71, 152123
List the prime factors of 37447866.
2, 3, 431, 1609
What are the prime factors of 282170972?
2, 101, 103, 6781
What are the prime factors of 465871252?
2, 7, 11, 1512569
What are the prime factors of 578163557?
17, 34009621
List the prime factors of 123698047.
11, 11245277
List the prime factors of 4308393640.
2, 5, 17, 19, 31, 347
What are the prime factors of 184734162?
2, 3, 3421003
What are the prime factors of 95218148?
2, 4019, 5923
What are the prime factors of 116067972?
2, 3, 9672331
What are the prime factors of 60422486?
2, 29, 35923
What are the prime factors of 8877584702?
2, 7, 90587599
What are the prime factors of 168682814?
2, 84341407
List the prime factors of 2536914476.
2, 4663, 136013
List the prime factors of 824604408.
2, 3, 19, 200927
What are the prime factors of 2693432767?
433, 6220399
List the prime factors of 1236552543.
3, 37, 71, 52301
List the prime factors of 36004079.
17, 2117887
What are the prime factors of 1284308087?
109, 2357, 4999
List the prime factors of 4021007328.
2, 3, 13, 601, 1787
What are the prime factors of 210905343?
3, 11, 710119
List the prime factors of 1092061474.
2, 7, 107, 601, 1213
What are the prime factors of 4066049?
13, 312773
What are the prime factors of 174820746?
2, 3, 23, 55079
What are the prime factors of 25000621?
25000621
List the prime factors of 41110036.
2, 11, 934319
List the prime factors of 392040706.
2, 17, 83, 138923
List the prime factors of 342681791.
421, 813971
What are the prime factors of 222535788?
2, 3, 47, 229, 1723
List the prime factors of 319765002.
2, 3, 17, 389, 8059
List the prime factors of 5568730810.
2, 5, 556873081
What are the prime factors of 1000826702?
2, 677, 739163
What are the prime factors of 1468616609?
19, 77295611
What are the prime factors of 272436598?
2, 7, 19459757
What are the prime factors of 1403729402?
2, 787, 891823
List the prime factors of 259277446.
2, 129638723
What are the prime factors of 24578053?
23, 1068611
What are the prime factors of 540742953?
3, 17, 10602803
List the prime factors of 1918325201.
13, 147563477
What are the prime factors of 83431933?
13, 6417841
List the prime factors of 28617495.
3, 5, 31, 61543
What are the prime factors of 415698342?
2, 3, 7591, 9127
List the prime factors of 234397293.
3, 13, 31, 193877
What are the prime factors of 1347172043?
7, 27493307
What are the prime factors of 1367366985?
3, 5, 30385933
List the prime factors of 1642486745.
5, 101, 3252449
What are the prime factors of 69588175?
5, 2783527
List the prime factors of 1861707748.
2, 433, 1074889
What are the prime factors of 30343512?
2, 3, 29, 43597
What are the prime factors of 507060122?
2, 17, 14913533
What are the prime factors of 14367527?
1277, 11251
List the prime factors of 4381878789.
3, 277, 65099
List the prime factors of 58999650.
2, 3, 5, 393331
What are the prime factors of 138432320?
2, 5, 13, 107, 311
List the prime factors of 2568704377.
23, 29, 277, 13903
What are the prime factors of 161179343?
13, 107, 115873
List the prime factors of 430307639.
430307639
What are the prime factors of 7578923492?
2, 7, 223, 317, 547
What are the prime factors of 336618791?
336618791
What are the prime factors of 142223221?
7, 29, 53, 13219
What are the prime factors of 3325086?
2, 3, 184727
List the prime factors of 1167245324.
2, 7, 67, 89, 6991
What are the prime factors of 15480837?
3, 37, 46489
What are the prime factors of 4896